. What is the remainder when 60 is divided by l?
6
Let v = 589 + -538. Calculate the remainder when 100 is divided by v.
49
What is the remainder when 9356/24 + (-28)/(-24) + -1 is divided by 14?
12
Let u(w) = 12*w + 6. Let r be u(-3). Let b be (-58)/(-4) - 15/r. Suppose 0 = -k - 2*k + b. Calculate the remainder when 8 is divided by k.
3
Let y = -76 + 348. What is the remainder when y is divided by 69?
65
Let t(w) = 8*w - 247. Suppose 0 = -3*f - 6*s + s - 14, 2*f + 3*s + 8 = 0. What is the remainder when f is divided by t(31)?
0
Suppose -9*s + 341 + 406 = 0. Let l(o) = -o**2 + 10*o - 3. Let d = 1 + 5. What is the remainder when s is divided by l(d)?
20
Suppose -7*x - 85 = -12*x. What is the remainder when 81 is divided by x?
13
Suppose 5*s + 235 + 40 = 0. Calculate the remainder when 78 is divided by 204/10 + 22/s.
18
Let g = 45 - 61. Let c(b) = -3*b - 35. Calculate the remainder when 49 is divided by c(g).
10
Let l(s) = 2*s**3 + s - 10. Calculate the remainder when 91 is divided by l(3).
44
Suppose 0 = -3*r + 70 + 248. Let u = 130 - r. What is the remainder when 47 is divided by u?
23
Suppose -440 = 65*o - 70*o. Calculate the remainder when 89 is divided by o.
1
Suppose 5*h = -4*j + 221, -2*h + 3*h - 40 = -5*j. Let q(i) = -116*i + 5944. What is the remainder when h is divided by q(51)?
17
What is the remainder when (-5 - 111/(-15))/(3/280) is divided by 38?
34
Let o(m) = 27*m + 43. What is the remainder when 909 is divided by o(1)?
69
Suppose -350 = 2*o - 12*o. Calculate the remainder when o is divided by 4.
3
Suppose 7*t = -0*t - 203. Let s = t - -62. What is the remainder when s is divided by 7?
5
Let j be -42*(-6)/(-4) + 1/(-1). Calculate the remainder when 586/8 + 16/j is divided by 19.
16
Suppose -49 = -10*b + 1371. Calculate the remainder when b is divided by 29.
26
Let a(d) = 2*d**2 - 7*d - 6. Let q be a(5). Suppose 4 + 15 = 4*x + 3*z, -4*x = z - q. What is the remainder when 32 + (x - -2 - -1) is divided by 19?
17
Let w = -113 - -55. Let t = w + 64. Calculate the remainder when 11 is divided by t.
5
Suppose 4*r + 3 = -5*g, 5*r + 4*g = 5 - 2. Suppose -r*n + 0*n = -3*l - 9, 0 = 2*n - 3*l - 4. Calculate the remainder when 4/(-5)*-7*n is divided by 10.
8
Suppose q + 4*q + 5 = 0. Let k = q + 42. Suppose 0 = 7*f - 2*f - 70. Calculate the remainder when k is divided by f.
13
Suppose n + 20 = 22. Suppose -5*m = -o - m + 33, -2*o - n*m + 26 = 0. What is the remainder when o is divided by 12?
5
Suppose 5*b + h = 2*b + 66, -3*b = -h - 66. Calculate the remainder when 301 is divided by b.
15
Let y = 617 - 534. What is the remainder when y is divided by 28?
27
Suppose n = -5*r + 2*r + 372, 0 = n - 2*r - 392. What is the remainder when n is divided by 39?
33
Let p = -324 + 406. What is the remainder when p is divided by 11?
5
Let r(o) = o**3 + o**2 + 5. Let f be r(-2). Suppose -4*c = f - 21. Suppose 19 = 8*l - c. Calculate the remainder when 4 is divided by l.
1
Let c = 71 + -704. Let l = 943 + c. What is the remainder when l is divided by 39?
37
Suppose -20 = -5*p, 3*l + 7*p - 2*p = 35. Let f(j) = -8*j - 4 - 3*j**2 - 6*j**3 + 1 + l*j. What is the remainder when f(-2) is divided by 8?
7
Suppose 0 = -2*w - 237 + 245. What is the remainder when 127 is divided by w?
3
Suppose -o = -16 - 47. Let l = -44 + o. Let c(t) = 7*t**3 + t - 1. Calculate the remainder when l is divided by c(1).
5
Let i = 1815 - 1773. What is the remainder when 250 is divided by i?
40
Suppose 14 = 3*p + 5*l - 11, 3*p + 3*l = 27. Calculate the remainder when p is divided by 3.
1
Let j(r) = -6*r + 98. Calculate the remainder when 196 is divided by j(13).
16
Suppose -4*p + 64 = 3*u, -33*p + 30*p + 47 = 2*u. Calculate the remainder when p is divided by -2 - -2 - -2 - -2.
1
Suppose -c = -5*c + 16. Let d(h) = -h**3 - 2*h**2 + 3*h + 2. Let v be d(-3). What is the remainder when (v + -1)/(c/200) is divided by 13?
11
Let i(y) = 3*y + 19. Let d be i(-5). Suppose -2*s + 46 - d = 0. Let b = 30 - 19. Calculate the remainder when s is divided by b.
10
Let q(p) = -p**2 - 19*p - 22. What is the remainder when q(-10) is divided by 10?
8
Let b(m) = 2*m**2 - 77*m - 20. What is the remainder when 91 is divided by b(39)?
15
Suppose 0 = 5*a - 0*u + 5*u - 125, -2*a + 50 = 5*u. Suppose 2*d - 3*j = d + 27, -5*j + a = 0. What is the remainder when 166 is divided by d?
40
Suppose 3*f + f = 16. Suppose f*o - 6*o = -10. Calculate the remainder when 39 is divided by o/((-40)/(-12))*14.
18
Let g(y) = y**2 - 44*y + 545. Calculate the remainder when 294 is divided by g(18).
63
What is the remainder when (2 - (-50)/2)*1 is divided by 5/((-1)/(-9 + 7))?
7
Let x(q) = -q**3 + 6*q**2 - 4*q - 5. Suppose 2*r - 102 = -16. Calculate the remainder when r is divided by x(4).
10
Suppose -112 = 2*z + 2*k, 5*k + 6 = -14. Let f = 103 + z. Calculate the remainder when f is divided by 13.
12
Let y be ((-2)/6)/(3/(-351)). Suppose -s + 11 = 5*w + 2, 2*s + 3*w = y. Calculate the remainder when 118 is divided by s.
22
Let m(n) = n + 11. Let r be m(-9). Let k = -88 - -96. What is the remainder when (-20)/3*(-9)/r is divided by k?
6
Let q(d) = -d + 1. Let m(o) = 52*o + 6. Let b(z) = m(z) + q(z). Calculate the remainder when b(2) is divided by 14.
11
Suppose -3*t + 194 = -s, 12*s = 4*t + 11*s - 258. What is the remainder when 2 - 1/((-5)/625) is divided by t?
63
Suppose -t - 5 = -28. Let g = 22 - t. Let w = g - -13. What is the remainder when 47 is divided by w?
11
Suppose -60 = -7*q - 39. Suppose 13 + 1 = 2*c + q*d, -c - 3*d = -7. Calculate the remainder when 1 + -1 + 0 - -20 is divided by c.
6
Suppose 5*l + 4*c - 95 = 0, -3*l = -4*c + 5 - 62. What is the remainder when l is divided by 13?
6
Suppose -109*b + 288 = -101*b. Calculate the remainder when 284 is divided by b.
32
Suppose 2*z + z - 153 = 0. Let x = -1136 + 1141. Calculate the remainder when z is divided by x.
1
Let d be (-49)/2 - (-20)/40. Let f be (-20)/(-6) + d/(-36). Suppose f*k + 4*b = 20, -2*k + 15 = k - b. Calculate the remainder when k is divided by 2.
1
Suppose 3*o + 0*o = 3*b - 162, 4*b + o - 226 = 0. Calculate the remainder when 611 is divided by b.
51
Let l(t) = 28*t - 14. Calculate the remainder when 82 is divided by l(1).
12
Let y(k) = -k**2 + 44*k - 161. What is the remainder when y(36) is divided by 15?
7
What is the remainder when 229 is divided by (-3277)/(-29) + 24/3?
108
Let q(p) = -p**3 + 23*p**2 - p + 30. Let a be q(23). Suppose -4*n = -a*n - 5*m + 9, n - 14 = 2*m. What is the remainder when 46 is divided by n?
6
Let u(c) = c + 278. Let p be u(0). Suppose -3*q + p = -256. Suppose -q = 4*g - 6*g. What is the remainder when g is divided by 23?
20
Let d(w) = w + 2. Let g be d(0). Let n(q) = q**2 + 27*q - 29. Let j be n(-28). What is the remainder when 15 is divided by (-50)/(-5) - (g + j)?
6
Let o be 84/(-49)*(-441)/6. Suppose -6*f - 24 + o = 0. Suppose -4*r - 4*n + 0*n = -124, 5*n = 5*r - 165. Calculate the remainder when r is divided by f.
15
Let c = 1 - 1. Suppose c = -2*y - 4*j - 10 + 40, -5*y + 2*j = -27. Suppose -6*b - 130 = -11*b. Calculate the remainder when b is divided by y.
5
Suppose 0 = k + 3 + 3. Let m be (-4)/k - (-4)/3. Let p = 10 - m. Calculate the remainder when 21 is divided by p.
5
Let j(h) = -3*h**3 - h**2 - h. Let d be j(-1). Suppose -d*u = -u. Suppose -4*f + 80 = -u*f. Calculate the remainder when 37 is divided by f.
17
Suppose -120*q = -127*q + 1988. What is the remainder when q is divided by 22?
20
Let u(f) = -21*f + 143. Calculate the remainder when u(5) is divided by 32.
6
Suppose -2 = -y + 3. Let p(w) = 4*w**2 - 2*w. Let u be p(-3). Let c = u + -35. What is the remainder when c is divided by y?
2
Let c(u) = u**3 + 13*u**2 + u + 1. Let h be c(-13). Let l = 5 - h. Let m = 153 + -104. Calculate the remainder when m is divided by l.
15
Suppose n + 147 = 4*n. Let g = 12889 - 12794. What is the remainder when g is divided by n?
46
Let p = 30 + -38. Calculate the remainder when (-142)/p*(4 + (-5 - -9)) is divided by 36.
34
Suppose 0 = -4*g + 4*b + 48, -g - 4*b + 13 + 14 = 0. What is the remainder when 12/90 + 358/g is divided by 14?
10
Let c(n) = n - 10. Let y = 112 + -65. What is the remainder when y is divided by c(23)?
8
Suppose 13 = -f + 14. Let v(j) = 15*j - 2. Calculate the remainder when v(f) is divided by 5.
3
Let d(j) = 73*